{"id":239,"date":"2025-10-07T19:43:52","date_gmt":"2025-10-07T19:43:52","guid":{"rendered":"https:\/\/arqco1816.com\/?page_id=239"},"modified":"2025-11-29T19:08:43","modified_gmt":"2025-11-29T19:08:43","slug":"nosotros","status":"publish","type":"page","link":"https:\/\/arqco1816.com\/index.php\/nosotros\/","title":{"rendered":"Nosotros"},"content":{"rendered":"\t\t<div data-elementor-type=\"wp-page\" data-elementor-id=\"239\" class=\"elementor elementor-239\" data-elementor-post-type=\"page\">\n\t\t\t\t<div class=\"elementor-element elementor-element-1bb7234 e-con-full e-flex e-con e-parent\" data-id=\"1bb7234\" data-element_type=\"container\" data-settings=\"{&quot;background_background&quot;:&quot;classic&quot;}\">\n\t\t\t\t<div class=\"elementor-element elementor-element-1a832b1 elementor-widget__width-inherit elementor-widget-tablet__width-inherit elementor-widget-mobile__width-inherit elementor-widget elementor-widget-heading\" data-id=\"1a832b1\" data-element_type=\"widget\" data-widget_type=\"heading.default\">\n\t\t\t\t\t<h1 class=\"elementor-heading-title elementor-size-default\">NOSOTROS<\/h1>\t\t\t\t<\/div>\n\t\t\t\t<\/div>\n\t\t<div class=\"elementor-element elementor-element-ec75de3 e-con-full e-flex e-con e-parent\" data-id=\"ec75de3\" data-element_type=\"container\">\n\t\t\t\t<div class=\"elementor-element elementor-element-e7f5f80 elementor-widget elementor-widget-heading\" data-id=\"e7f5f80\" data-element_type=\"widget\" data-widget_type=\"heading.default\">\n\t\t\t\t\t<h1 class=\"elementor-heading-title elementor-size-default\">\u00bfQuienes somos?<\/h1>\t\t\t\t<\/div>\n\t\t\t\t<div class=\"elementor-element elementor-element-5d77214 elementor-widget elementor-widget-text-editor\" data-id=\"5d77214\" data-element_type=\"widget\" data-widget_type=\"text-editor.default\">\n\t\t\t\t\t\t\t\t\t<p>Nuestra empresa nace en el 2004, tiene el prop\u00f3sito de brindar soluci\u00f3n a la demanda de servicios de edificaci\u00f3n y construcci\u00f3n.<\/p><p>Contando con una amplia experiencia en obras de Edificaci\u00f3n, V\u00edas Terrestres, Naves Industriales, Infraestructura Urbana, Mantenimiento Industrial, Espacios P\u00fablicos, Casa habitaci\u00f3n y todo lo relacionado con la obra civil.<\/p><p>Contamos con profesionistas y personal de amplia experiencia en el ramo.<\/p><p>Nuestro valor agregado es la atenci\u00f3n personalizada, la calidad, el mejor presupuesto y la correcta ejecuci\u00f3n de cada proyecto en tiempo y forma.<\/p>\t\t\t\t\t\t\t\t<\/div>\n\t\t\t\t<\/div>\n\t\t<div class=\"elementor-element elementor-element-4a08466 e-con-full e-flex e-con e-parent\" data-id=\"4a08466\" data-element_type=\"container\">\n\t\t\t\t<div class=\"elementor-element elementor-element-444a815 elementor-widget-tablet__width-inherit elementor--h-position-center elementor--v-position-middle elementor-arrows-position-inside elementor-pagination-position-inside elementor-widget elementor-widget-slides\" data-id=\"444a815\" data-element_type=\"widget\" data-settings=\"{&quot;autoplay_speed&quot;:20000,&quot;navigation&quot;:&quot;both&quot;,&quot;autoplay&quot;:&quot;yes&quot;,&quot;pause_on_hover&quot;:&quot;yes&quot;,&quot;pause_on_interaction&quot;:&quot;yes&quot;,&quot;infinite&quot;:&quot;yes&quot;,&quot;transition&quot;:&quot;slide&quot;,&quot;transition_speed&quot;:500}\" data-widget_type=\"slides.default\">\n\t\t\t\t\t\t\t\t\t\t<div class=\"elementor-slides-wrapper elementor-main-swiper swiper\" role=\"region\" aria-roledescription=\"carousel\" aria-label=\"Slides\" dir=\"ltr\" data-animation=\"fadeInUp\">\n\t\t\t\t<div class=\"swiper-wrapper elementor-slides\">\n\t\t\t\t\t\t\t\t\t\t<div class=\"elementor-repeater-item-f9b889e swiper-slide\" role=\"group\" aria-roledescription=\"slide\"><div class=\"swiper-slide-bg\"><\/div><div class=\"swiper-slide-inner\" ><div class=\"swiper-slide-contents\"><div class=\"elementor-slide-heading\">Misi\u00f3n<\/div><div class=\"elementor-slide-description\">Ser la mejor opci\u00f3n en construcciones civiles, comerciales, industriales e institucionales, logrando la satisfacci\u00f3n de nuestros clientes al ofrecer los m\u00e1s altos est\u00e1ndares de calidad, seguridad y servicio en todos los trabajos que realizamos.<\/div><\/div><\/div><\/div><div class=\"elementor-repeater-item-7c20058 swiper-slide\" role=\"group\" aria-roledescription=\"slide\"><div class=\"swiper-slide-bg\"><\/div><div class=\"swiper-slide-inner\" ><div class=\"swiper-slide-contents\"><div class=\"elementor-slide-heading\">Visi\u00f3n<\/div><div class=\"elementor-slide-description\">Ser la compa\u00f1ia de construcci\u00f3n, reconocida en el medio por la ejecuci\u00f3n de trabajos con profesionalismo, calidad y seguridad, que den una respuesta inmediata a las necesidades de nuestros clientes.<\/div><\/div><\/div><\/div><div class=\"elementor-repeater-item-6997bbd swiper-slide\" role=\"group\" aria-roledescription=\"slide\"><div class=\"swiper-slide-bg\"><\/div><div class=\"swiper-slide-inner\" ><div class=\"swiper-slide-contents\"><div class=\"elementor-slide-heading\">Valores<\/div><div class=\"elementor-slide-description\">Compromiso, Integridad, Honestidad, Responsabilidad, Calidad, Innovaci\u00f3n, Trabajo en equipo, Actitud de Servicio, Orientaci\u00f3n al Cliente, Excelencia, Actitud Positiva, Respeto, Humildad, Trabajar con Seguridad.<\/div><\/div><\/div><\/div>\t\t\t\t<\/div>\n\t\t\t\t\t\t\t\t\t\t\t\t\t\t\t<div class=\"elementor-swiper-button elementor-swiper-button-prev\" role=\"button\" tabindex=\"0\" aria-label=\"Previous slide\">\n\t\t\t\t\t\t\t<svg aria-hidden=\"true\" class=\"e-font-icon-svg e-eicon-chevron-left\" viewBox=\"0 0 1000 1000\" xmlns=\"http:\/\/www.w3.org\/2000\/svg\"><path d=\"M646 125C629 125 613 133 604 142L308 442C296 454 292 471 292 487 292 504 296 521 308 533L604 854C617 867 629 875 646 875 663 875 679 871 692 858 704 846 713 829 713 812 713 796 708 779 692 767L438 487 692 225C700 217 708 204 708 187 708 171 704 154 692 142 675 129 663 125 646 125Z\"><\/path><\/svg>\t\t\t\t\t\t<\/div>\n\t\t\t\t\t\t<div class=\"elementor-swiper-button elementor-swiper-button-next\" role=\"button\" tabindex=\"0\" aria-label=\"Next slide\">\n\t\t\t\t\t\t\t<svg aria-hidden=\"true\" class=\"e-font-icon-svg e-eicon-chevron-right\" viewBox=\"0 0 1000 1000\" xmlns=\"http:\/\/www.w3.org\/2000\/svg\"><path d=\"M696 533C708 521 713 504 713 487 713 471 708 454 696 446L400 146C388 133 375 125 354 125 338 125 325 129 313 142 300 154 292 171 292 187 292 204 296 221 308 233L563 492 304 771C292 783 288 800 288 817 288 833 296 850 308 863 321 871 338 875 354 875 371 875 388 867 400 854L696 533Z\"><\/path><\/svg>\t\t\t\t\t\t<\/div>\n\t\t\t\t\t\t\t\t\t\t\t\t\t\t\t\t<div class=\"swiper-pagination\"><\/div>\n\t\t\t\t\t\t\t\t\t\t\t\t<\/div>\n\t\t\t\t\t\t\t\t<\/div>\n\t\t\t\t<\/div>\n\t\t<div class=\"elementor-element elementor-element-c5aa141 e-flex e-con-boxed e-con e-parent\" data-id=\"c5aa141\" data-element_type=\"container\" data-settings=\"{&quot;background_background&quot;:&quot;classic&quot;}\">\n\t\t\t\t\t<div class=\"e-con-inner\">\n\t\t\t\t<div class=\"elementor-element elementor-element-03c1f0d elementor-widget elementor-widget-image\" data-id=\"03c1f0d\" data-element_type=\"widget\" data-widget_type=\"image.default\">\n\t\t\t\t\t\t\t\t\t\t\t\t\t\t\t<img fetchpriority=\"high\" decoding=\"async\" width=\"1024\" height=\"1024\" src=\"https:\/\/arqco1816.com\/wp-content\/uploads\/2025\/10\/Imagenes-web-1-1024x1024.png\" class=\"attachment-large size-large wp-image-118\" alt=\"\" srcset=\"https:\/\/arqco1816.com\/wp-content\/uploads\/2025\/10\/Imagenes-web-1-1024x1024.png 1024w, https:\/\/arqco1816.com\/wp-content\/uploads\/2025\/10\/Imagenes-web-1-300x300.png 300w, https:\/\/arqco1816.com\/wp-content\/uploads\/2025\/10\/Imagenes-web-1-150x150.png 150w, https:\/\/arqco1816.com\/wp-content\/uploads\/2025\/10\/Imagenes-web-1-768x768.png 768w, https:\/\/arqco1816.com\/wp-content\/uploads\/2025\/10\/Imagenes-web-1.png 1080w\" sizes=\"(max-width: 1024px) 100vw, 1024px\" \/>\t\t\t\t\t\t\t\t\t\t\t\t\t\t\t<\/div>\n\t\t\t\t<div class=\"elementor-element elementor-element-f196227 elementor-shape-rounded elementor-grid-0 e-grid-align-center elementor-widget elementor-widget-social-icons\" data-id=\"f196227\" data-element_type=\"widget\" data-widget_type=\"social-icons.default\">\n\t\t\t\t\t\t\t<div class=\"elementor-social-icons-wrapper elementor-grid\" role=\"list\">\n\t\t\t\t\t\t\t<span class=\"elementor-grid-item\" role=\"listitem\">\n\t\t\t\t\t<a class=\"elementor-icon elementor-social-icon elementor-social-icon-facebook elementor-repeater-item-f7967a9\" href=\"https:\/\/www.facebook.com\/share\/1GCqXCTUJw\/\" target=\"_blank\">\n\t\t\t\t\t\t<span class=\"elementor-screen-only\">Facebook<\/span>\n\t\t\t\t\t\t<svg aria-hidden=\"true\" class=\"e-font-icon-svg e-fab-facebook\" viewBox=\"0 0 512 512\" xmlns=\"http:\/\/www.w3.org\/2000\/svg\"><path d=\"M504 256C504 119 393 8 256 8S8 119 8 256c0 123.78 90.69 226.38 209.25 245V327.69h-63V256h63v-54.64c0-62.15 37-96.48 93.67-96.48 27.14 0 55.52 4.84 55.52 4.84v61h-31.28c-30.8 0-40.41 19.12-40.41 38.73V256h68.78l-11 71.69h-57.78V501C413.31 482.38 504 379.78 504 256z\"><\/path><\/svg>\t\t\t\t\t<\/a>\n\t\t\t\t<\/span>\n\t\t\t\t\t\t\t<span class=\"elementor-grid-item\" role=\"listitem\">\n\t\t\t\t\t<a class=\"elementor-icon elementor-social-icon elementor-social-icon-instagram elementor-repeater-item-767f2b6\" href=\"https:\/\/www.instagram.com\/arqco1816\/\" target=\"_blank\">\n\t\t\t\t\t\t<span class=\"elementor-screen-only\">Instagram<\/span>\n\t\t\t\t\t\t<svg aria-hidden=\"true\" class=\"e-font-icon-svg e-fab-instagram\" viewBox=\"0 0 448 512\" xmlns=\"http:\/\/www.w3.org\/2000\/svg\"><path d=\"M224.1 141c-63.6 0-114.9 51.3-114.9 114.9s51.3 114.9 114.9 114.9S339 319.5 339 255.9 287.7 141 224.1 141zm0 189.6c-41.1 0-74.7-33.5-74.7-74.7s33.5-74.7 74.7-74.7 74.7 33.5 74.7 74.7-33.6 74.7-74.7 74.7zm146.4-194.3c0 14.9-12 26.8-26.8 26.8-14.9 0-26.8-12-26.8-26.8s12-26.8 26.8-26.8 26.8 12 26.8 26.8zm76.1 27.2c-1.7-35.9-9.9-67.7-36.2-93.9-26.2-26.2-58-34.4-93.9-36.2-37-2.1-147.9-2.1-184.9 0-35.8 1.7-67.6 9.9-93.9 36.1s-34.4 58-36.2 93.9c-2.1 37-2.1 147.9 0 184.9 1.7 35.9 9.9 67.7 36.2 93.9s58 34.4 93.9 36.2c37 2.1 147.9 2.1 184.9 0 35.9-1.7 67.7-9.9 93.9-36.2 26.2-26.2 34.4-58 36.2-93.9 2.1-37 2.1-147.8 0-184.8zM398.8 388c-7.8 19.6-22.9 34.7-42.6 42.6-29.5 11.7-99.5 9-132.1 9s-102.7 2.6-132.1-9c-19.6-7.8-34.7-22.9-42.6-42.6-11.7-29.5-9-99.5-9-132.1s-2.6-102.7 9-132.1c7.8-19.6 22.9-34.7 42.6-42.6 29.5-11.7 99.5-9 132.1-9s102.7-2.6 132.1 9c19.6 7.8 34.7 22.9 42.6 42.6 11.7 29.5 9 99.5 9 132.1s2.7 102.7-9 132.1z\"><\/path><\/svg>\t\t\t\t\t<\/a>\n\t\t\t\t<\/span>\n\t\t\t\t\t\t\t<span class=\"elementor-grid-item\" role=\"listitem\">\n\t\t\t\t\t<a class=\"elementor-icon elementor-social-icon elementor-social-icon-tiktok elementor-repeater-item-f7af1ce\" href=\"https:\/\/www.tiktok.com\/@arqco1816\" target=\"_blank\">\n\t\t\t\t\t\t<span class=\"elementor-screen-only\">Tiktok<\/span>\n\t\t\t\t\t\t<svg aria-hidden=\"true\" class=\"e-font-icon-svg e-fab-tiktok\" viewBox=\"0 0 448 512\" xmlns=\"http:\/\/www.w3.org\/2000\/svg\"><path d=\"M448,209.91a210.06,210.06,0,0,1-122.77-39.25V349.38A162.55,162.55,0,1,1,185,188.31V278.2a74.62,74.62,0,1,0,52.23,71.18V0l88,0a121.18,121.18,0,0,0,1.86,22.17h0A122.18,122.18,0,0,0,381,102.39a121.43,121.43,0,0,0,67,20.14Z\"><\/path><\/svg>\t\t\t\t\t<\/a>\n\t\t\t\t<\/span>\n\t\t\t\t\t<\/div>\n\t\t\t\t\t\t<\/div>\n\t\t\t\t<div class=\"elementor-element elementor-element-8278131 elementor-widget elementor-widget-heading\" data-id=\"8278131\" data-element_type=\"widget\" data-widget_type=\"heading.default\">\n\t\t\t\t\t<h6 class=\"elementor-heading-title elementor-size-default\">\u00a9 2025 Arq.co 1816 . Derechos reservados<\/h6>\t\t\t\t<\/div>\n\t\t\t\t\t<\/div>\n\t\t\t\t<\/div>\n\t\t\t\t<\/div>\n\t\t","protected":false},"excerpt":{"rendered":"<p>NOSOTROS \u00bfQuienes somos? Nuestra empresa nace en el 2004, tiene el prop\u00f3sito de brindar soluci\u00f3n a la demanda de servicios [&hellip;]<\/p>\n","protected":false},"author":1,"featured_media":0,"parent":0,"menu_order":0,"comment_status":"closed","ping_status":"closed","template":"elementor_header_footer","meta":{"site-sidebar-layout":"no-sidebar","site-content-layout":"","ast-site-content-layout":"full-width-container","site-content-style":"default","site-sidebar-style":"default","ast-global-header-display":"","ast-banner-title-visibility":"","ast-main-header-display":"","ast-hfb-above-header-display":"","ast-hfb-below-header-display":"","ast-hfb-mobile-header-display":"","site-post-title":"","ast-breadcrumbs-content":"","ast-featured-img":"disabled","footer-sml-layout":"disabled","theme-transparent-header-meta":"","adv-header-id-meta":"","stick-header-meta":"","header-above-stick-meta":"","header-main-stick-meta":"","header-below-stick-meta":"","astra-migrate-meta-layouts":"default","ast-page-background-enabled":"default","ast-page-background-meta":{"desktop":{"background-color":"var(--ast-global-color-5)","background-image":"","background-repeat":"repeat","background-position":"center center","background-size":"auto","background-attachment":"scroll","background-type":"","background-media":"","overlay-type":"","overlay-color":"","overlay-opacity":"","overlay-gradient":""},"tablet":{"background-color":"","background-image":"","background-repeat":"repeat","background-position":"center center","background-size":"auto","background-attachment":"scroll","background-type":"","background-media":"","overlay-type":"","overlay-color":"","overlay-opacity":"","overlay-gradient":""},"mobile":{"background-color":"","background-image":"","background-repeat":"repeat","background-position":"center center","background-size":"auto","background-attachment":"scroll","background-type":"","background-media":"","overlay-type":"","overlay-color":"","overlay-opacity":"","overlay-gradient":""}},"ast-content-background-meta":{"desktop":{"background-color":"var(--ast-global-color-4)","background-image":"","background-repeat":"repeat","background-position":"center center","background-size":"auto","background-attachment":"scroll","background-type":"","background-media":"","overlay-type":"","overlay-color":"","overlay-opacity":"","overlay-gradient":""},"tablet":{"background-color":"var(--ast-global-color-4)","background-image":"","background-repeat":"repeat","background-position":"center center","background-size":"auto","background-attachment":"scroll","background-type":"","background-media":"","overlay-type":"","overlay-color":"","overlay-opacity":"","overlay-gradient":""},"mobile":{"background-color":"var(--ast-global-color-4)","background-image":"","background-repeat":"repeat","background-position":"center center","background-size":"auto","background-attachment":"scroll","background-type":"","background-media":"","overlay-type":"","overlay-color":"","overlay-opacity":"","overlay-gradient":""}},"footnotes":""},"class_list":["post-239","page","type-page","status-publish","hentry"],"yoast_head":"<!-- This site is optimized with the Yoast SEO plugin v26.0 - https:\/\/yoast.com\/wordpress\/plugins\/seo\/ -->\n<title>Nosotros - Arqco<\/title>\n<meta name=\"robots\" content=\"index, follow, max-snippet:-1, max-image-preview:large, max-video-preview:-1\" \/>\n<link rel=\"canonical\" href=\"https:\/\/arqco1816.com\/index.php\/nosotros\/\" \/>\n<meta property=\"og:locale\" content=\"es_ES\" \/>\n<meta property=\"og:type\" content=\"article\" \/>\n<meta property=\"og:title\" content=\"Nosotros - Arqco\" \/>\n<meta property=\"og:description\" content=\"NOSOTROS \u00bfQuienes somos? Nuestra empresa nace en el 2004, tiene el prop\u00f3sito de brindar soluci\u00f3n a la demanda de servicios [&hellip;]\" \/>\n<meta property=\"og:url\" content=\"https:\/\/arqco1816.com\/index.php\/nosotros\/\" \/>\n<meta property=\"og:site_name\" content=\"Arqco\" \/>\n<meta property=\"article:modified_time\" content=\"2025-11-29T19:08:43+00:00\" \/>\n<meta property=\"og:image\" content=\"https:\/\/arqco1816.com\/wp-content\/uploads\/2025\/10\/Imagenes-web-1.png\" \/>\n\t<meta property=\"og:image:width\" content=\"1080\" \/>\n\t<meta property=\"og:image:height\" content=\"1080\" \/>\n\t<meta property=\"og:image:type\" content=\"image\/png\" \/>\n<meta name=\"twitter:card\" content=\"summary_large_image\" \/>\n<meta name=\"twitter:label1\" content=\"Tiempo de lectura\" \/>\n\t<meta name=\"twitter:data1\" content=\"1 minuto\" \/>\n<script type=\"application\/ld+json\" class=\"yoast-schema-graph\">{\"@context\":\"https:\/\/schema.org\",\"@graph\":[{\"@type\":\"WebPage\",\"@id\":\"https:\/\/arqco1816.com\/index.php\/nosotros\/\",\"url\":\"https:\/\/arqco1816.com\/index.php\/nosotros\/\",\"name\":\"Nosotros - Arqco\",\"isPartOf\":{\"@id\":\"https:\/\/arqco1816.com\/#website\"},\"primaryImageOfPage\":{\"@id\":\"https:\/\/arqco1816.com\/index.php\/nosotros\/#primaryimage\"},\"image\":{\"@id\":\"https:\/\/arqco1816.com\/index.php\/nosotros\/#primaryimage\"},\"thumbnailUrl\":\"https:\/\/arqco1816.com\/wp-content\/uploads\/2025\/10\/Imagenes-web-1-1024x1024.png\",\"datePublished\":\"2025-10-07T19:43:52+00:00\",\"dateModified\":\"2025-11-29T19:08:43+00:00\",\"breadcrumb\":{\"@id\":\"https:\/\/arqco1816.com\/index.php\/nosotros\/#breadcrumb\"},\"inLanguage\":\"es\",\"potentialAction\":[{\"@type\":\"ReadAction\",\"target\":[\"https:\/\/arqco1816.com\/index.php\/nosotros\/\"]}]},{\"@type\":\"ImageObject\",\"inLanguage\":\"es\",\"@id\":\"https:\/\/arqco1816.com\/index.php\/nosotros\/#primaryimage\",\"url\":\"https:\/\/arqco1816.com\/wp-content\/uploads\/2025\/10\/Imagenes-web-1.png\",\"contentUrl\":\"https:\/\/arqco1816.com\/wp-content\/uploads\/2025\/10\/Imagenes-web-1.png\",\"width\":1080,\"height\":1080},{\"@type\":\"BreadcrumbList\",\"@id\":\"https:\/\/arqco1816.com\/index.php\/nosotros\/#breadcrumb\",\"itemListElement\":[{\"@type\":\"ListItem\",\"position\":1,\"name\":\"Portada\",\"item\":\"https:\/\/arqco1816.com\/\"},{\"@type\":\"ListItem\",\"position\":2,\"name\":\"Nosotros\"}]},{\"@type\":\"WebSite\",\"@id\":\"https:\/\/arqco1816.com\/#website\",\"url\":\"https:\/\/arqco1816.com\/\",\"name\":\"Arqco\",\"description\":\"\",\"publisher\":{\"@id\":\"https:\/\/arqco1816.com\/#organization\"},\"potentialAction\":[{\"@type\":\"SearchAction\",\"target\":{\"@type\":\"EntryPoint\",\"urlTemplate\":\"https:\/\/arqco1816.com\/?s={search_term_string}\"},\"query-input\":{\"@type\":\"PropertyValueSpecification\",\"valueRequired\":true,\"valueName\":\"search_term_string\"}}],\"inLanguage\":\"es\"},{\"@type\":\"Organization\",\"@id\":\"https:\/\/arqco1816.com\/#organization\",\"name\":\"Arqco\",\"url\":\"https:\/\/arqco1816.com\/\",\"logo\":{\"@type\":\"ImageObject\",\"inLanguage\":\"es\",\"@id\":\"https:\/\/arqco1816.com\/#\/schema\/logo\/image\/\",\"url\":\"https:\/\/arqco1816.com\/wp-content\/uploads\/2025\/10\/Letras-scaled.png\",\"contentUrl\":\"https:\/\/arqco1816.com\/wp-content\/uploads\/2025\/10\/Letras-scaled.png\",\"width\":2560,\"height\":599,\"caption\":\"Arqco\"},\"image\":{\"@id\":\"https:\/\/arqco1816.com\/#\/schema\/logo\/image\/\"}}]}<\/script>\n<!-- \/ Yoast SEO plugin. -->","yoast_head_json":{"title":"Nosotros - Arqco","robots":{"index":"index","follow":"follow","max-snippet":"max-snippet:-1","max-image-preview":"max-image-preview:large","max-video-preview":"max-video-preview:-1"},"canonical":"https:\/\/arqco1816.com\/index.php\/nosotros\/","og_locale":"es_ES","og_type":"article","og_title":"Nosotros - Arqco","og_description":"NOSOTROS \u00bfQuienes somos? Nuestra empresa nace en el 2004, tiene el prop\u00f3sito de brindar soluci\u00f3n a la demanda de servicios [&hellip;]","og_url":"https:\/\/arqco1816.com\/index.php\/nosotros\/","og_site_name":"Arqco","article_modified_time":"2025-11-29T19:08:43+00:00","og_image":[{"width":1080,"height":1080,"url":"https:\/\/arqco1816.com\/wp-content\/uploads\/2025\/10\/Imagenes-web-1.png","type":"image\/png"}],"twitter_card":"summary_large_image","twitter_misc":{"Tiempo de lectura":"1 minuto"},"schema":{"@context":"https:\/\/schema.org","@graph":[{"@type":"WebPage","@id":"https:\/\/arqco1816.com\/index.php\/nosotros\/","url":"https:\/\/arqco1816.com\/index.php\/nosotros\/","name":"Nosotros - Arqco","isPartOf":{"@id":"https:\/\/arqco1816.com\/#website"},"primaryImageOfPage":{"@id":"https:\/\/arqco1816.com\/index.php\/nosotros\/#primaryimage"},"image":{"@id":"https:\/\/arqco1816.com\/index.php\/nosotros\/#primaryimage"},"thumbnailUrl":"https:\/\/arqco1816.com\/wp-content\/uploads\/2025\/10\/Imagenes-web-1-1024x1024.png","datePublished":"2025-10-07T19:43:52+00:00","dateModified":"2025-11-29T19:08:43+00:00","breadcrumb":{"@id":"https:\/\/arqco1816.com\/index.php\/nosotros\/#breadcrumb"},"inLanguage":"es","potentialAction":[{"@type":"ReadAction","target":["https:\/\/arqco1816.com\/index.php\/nosotros\/"]}]},{"@type":"ImageObject","inLanguage":"es","@id":"https:\/\/arqco1816.com\/index.php\/nosotros\/#primaryimage","url":"https:\/\/arqco1816.com\/wp-content\/uploads\/2025\/10\/Imagenes-web-1.png","contentUrl":"https:\/\/arqco1816.com\/wp-content\/uploads\/2025\/10\/Imagenes-web-1.png","width":1080,"height":1080},{"@type":"BreadcrumbList","@id":"https:\/\/arqco1816.com\/index.php\/nosotros\/#breadcrumb","itemListElement":[{"@type":"ListItem","position":1,"name":"Portada","item":"https:\/\/arqco1816.com\/"},{"@type":"ListItem","position":2,"name":"Nosotros"}]},{"@type":"WebSite","@id":"https:\/\/arqco1816.com\/#website","url":"https:\/\/arqco1816.com\/","name":"Arqco","description":"","publisher":{"@id":"https:\/\/arqco1816.com\/#organization"},"potentialAction":[{"@type":"SearchAction","target":{"@type":"EntryPoint","urlTemplate":"https:\/\/arqco1816.com\/?s={search_term_string}"},"query-input":{"@type":"PropertyValueSpecification","valueRequired":true,"valueName":"search_term_string"}}],"inLanguage":"es"},{"@type":"Organization","@id":"https:\/\/arqco1816.com\/#organization","name":"Arqco","url":"https:\/\/arqco1816.com\/","logo":{"@type":"ImageObject","inLanguage":"es","@id":"https:\/\/arqco1816.com\/#\/schema\/logo\/image\/","url":"https:\/\/arqco1816.com\/wp-content\/uploads\/2025\/10\/Letras-scaled.png","contentUrl":"https:\/\/arqco1816.com\/wp-content\/uploads\/2025\/10\/Letras-scaled.png","width":2560,"height":599,"caption":"Arqco"},"image":{"@id":"https:\/\/arqco1816.com\/#\/schema\/logo\/image\/"}}]}},"_links":{"self":[{"href":"https:\/\/arqco1816.com\/index.php\/wp-json\/wp\/v2\/pages\/239","targetHints":{"allow":["GET"]}}],"collection":[{"href":"https:\/\/arqco1816.com\/index.php\/wp-json\/wp\/v2\/pages"}],"about":[{"href":"https:\/\/arqco1816.com\/index.php\/wp-json\/wp\/v2\/types\/page"}],"author":[{"embeddable":true,"href":"https:\/\/arqco1816.com\/index.php\/wp-json\/wp\/v2\/users\/1"}],"replies":[{"embeddable":true,"href":"https:\/\/arqco1816.com\/index.php\/wp-json\/wp\/v2\/comments?post=239"}],"version-history":[{"count":104,"href":"https:\/\/arqco1816.com\/index.php\/wp-json\/wp\/v2\/pages\/239\/revisions"}],"predecessor-version":[{"id":1318,"href":"https:\/\/arqco1816.com\/index.php\/wp-json\/wp\/v2\/pages\/239\/revisions\/1318"}],"wp:attachment":[{"href":"https:\/\/arqco1816.com\/index.php\/wp-json\/wp\/v2\/media?parent=239"}],"curies":[{"name":"wp","href":"https:\/\/api.w.org\/{rel}","templated":true}]}}